Calculate 7 + (-1 - (-4 - -7)).
3
Calculate -1 + -5 - -9 - -2.
5
What is 10 + (8 - 12) - (1 - -2)?
3
Evaluate (4 - 0) + (4 - 5).
3
Evaluate -13 + 10 - (-1 + 8).
-10
Evaluate -7 + -7 + (5 - -7).
-2
What is the value of 6 - (-15 - -15 - (-3 - -1))?
4
What is the value of (11 - 32) + (1 - -11)?
-9
Evaluate -2 - (-7 + 6 - (0 + 2)).
1
2 + (-12 - (5 + -12))
-3
Evaluate -2 + -3 + 4 + 4.
3
(-3 - 1) + (1 - 0)
-3
What is -5 - (-2 + 6 + -9)?
0
-5 - (-7 - (-5 - -1))
-2
Calculate (4 - 1) + -3 + -1 + 7.
6
Evaluate 7 - (3 + (-1 - -4)).
1
What is the value of -3 + 8 + -1 + 1?
5
What is (-5 - (-7 - -3)) + -2?
-3
What is (3 - -2) + (0 - 7)?
-2
Evaluate -6 - 0 - (-16 - (2 + -6)).
6
(-19 - -11) + 1 + 1
-6
What is ((0 - -3) + 1 - 5) + -2?
-3
What is the value of -2 + -1 - (66 - 65)?
-4
Calculate (-1 - 2) + 4 - 5.
-4
-55 - -50 - ((-7 - -1) + -1)
2
What is 8 + -19 + 13 + (1 - 9)?
-6
Evaluate -13 - (5 + (4 - 32)).
10
What is the value of -2 - -2 - (25 + -25)?
0
Evaluate 4 - (1 + (0 + 0 - 1)).
4
What is the value of 0 + (-1 - (1 + -4 + 3))?
-1
(-3 - 0 - (-2 + -3)) + -7
-5
(-5 - -6) + 2 + 0
3
Calculate 10 + -10 + 2 + -3.
-1
(5 - (1 - -15)) + 9
-2
What is 3 + 8 + -16 + 8?
3
Calculate (0 - -7) + (-17 - -14).
4
Calculate -3 - (-6 + 3 - 8).
8
Evaluate (5 - (5 + -2 + -1)) + -2.
1
Calculate (4 - (1 - 7)) + -6.
4
Evaluate (-3 + -4 - -6) + 1 + 5.
5
Calculate (-2 + -1 - (1 - 7)) + 3.
6
What is -7 - 0 - -7 - (1 - -2)?
-3
What is the value of 4 - (2 + 2 + -4)?
4
Evaluate 12 + -12 + -2 - 0.
-2
Calculate -1 - ((47 - 47) + 6 + -1).
-6
What is the value of 6 - -1 - 6 - -2?
3
Calculate 7 - (-3 + -4 - -8).
6
Evaluate 1 + (-5 - -2) + -3 + 2.
-3
What is -10 + (1 - -10) + 4?
5
What is 5 + -2 + 1 + 0 + -5?
-1
Evaluate 1 - (5 - -1) - (-6 - -2).
-1
What is 2 - (5 + (2 - (2 + 3)))?
0
What is the value of 1 + 3 + (4 - 7) + 3?
4
Calculate 2 - 1 - -7 - 4.
4
(3 + 2 - 1) + (45 - 49)
0
Evaluate -1 - (2 - 3 - (2 - 0)).
2
Evaluate 4 + (-1 - -2 - 4) + -1.
0
-8 + -1 + 4 + 4
-1
What is the value of -1 + -1 + -3 + (-36 - -36)?
-5
Evaluate 5 + 2 + -3 - 1.
3
What is -10 + 6 + (-11 - -8)?
-7
-13 - -2 - (-27 - -20)
-4
What is (7 - (-7 + 7) - 5) + -2?
0
Evaluate (-6 + 9 - -6) + -10.
-1
What is the value of -2 + 8 + -15 + 3?
-6
What is -10 + 1 + 9 + -3 + -2?
-5
Calculate -4 - (10 - (15 + -9)).
-8
Calculate -5 + 2 + 2 - (-9 + 3).
5
Evaluate 18 + -17 - ((2 - 2) + 6).
-5
Evaluate 7 + (-33 - -9) + 8.
-9
What is 4 + 0 + (-8 - -3)?
-1
Evaluate -9 - (-7 + (8 - 6) - 0).
-4
Evaluate 13 + -10 + 2 - -2.
7
Evaluate -33 - -35 - (7 - 0).
-5
Evaluate -7 - (0 + -2 - (5 + -4)).
-4
-5 - (-22 - -2 - -9)
6
What is the value of -13 - (12 - (0 - -17))?
-8
What is the value of 1 - 4 - (2 - 6 - -6)?
-5
-2 + -1 + 2 + 2
1
-3 + (6 - 4) + -3
-4
What is the value of 4 + 0 - (39 - 29)?
-6
Calculate (-1 - 2) + 3 + (1 - 5).
-4
What is -7 - -6 - (2 + -1)?
-2
What is the value of 10 + (7 - 1) + -12?
4
What is -24 - -19 - (0 - 2)?
-3
Calculate 4 - (-4 + -1 + 6).
3
Evaluate 16 + -11 - (9 + 0).
-4
Evaluate -8 + (8 - 6) - -2.
-4
What is the value of -5 + (1 - -3 - -1) + 5?
5
Evaluate (-1 - -4) + 3 - 4.
2
Evaluate 10 + 11 + -13 - (-4 + 20).
-8
What is -8 - (-7 + 9 + -4)?
-6
What is the value of (-9 + 1 - (35 + -52)) + -2?
7
Calculate (-1 - -4) + 2 + -2.
3
Evaluate 1 - (1 - -2) - (338 + -345).
5
7 + -7 + 9 + 2 + -4
7
-1 + 5 + 2 + -6
0
What is the value of -11 + -1 + 15 - (-2 - -11)?
-6
Evaluate 4 - (10 + -1 + 3 + -6).
-2
What is the value of 8 + -1 - (4 - 1 - -1)?
3
Evaluate -4 - (1 - (0 + 13)).
8
-10 + 0 + (-15 - -13) + 7
-5
What is 3 + 2 + 0 + -10?
-5
Evaluate -5 + 2 + (2 - -6).
5
-3 - 0 - ((7 - -14) + -18)
-6
Evaluate -11 + (3 - -1) + 1.
-6
What is the value of 2 + 3 + -5 + 0 - 1?
-1
What is 3 + -4 + (-2 - 0 - 0)?
-3
Evaluate -1 + -3 - (1 + -4 + -4).
3
Calculate 1 + 2 + (1 - (1 + -1)).
4
What is (2 - 3) + (-10 - -5)?
-6
Calculate (3 - -3 - (-4 + 19)) + 3.
-6
Calculate 1 + 2 + -10 + 2 + 1.
-4
Evaluate 1 - ((-10 - 2) + 10).
3
What is the value of -1 - 0 - (5 - (-2 + 14))?
6
What is the value of 12 - (-1 + 9 - 3 - 1)?
8
What is the value of 11 + (-1 - (3 - 0))?
7
Evaluate (10 - 6) + (1 - -1) + -2.
4
Calculate 9 + -13 + 2 + 1 + 12.
11
Calculate (-3 + 20 + -3 - 0) + -7.
7
What is -3 + (-5 + 9 - -3)?
4
(1 + -1 - 2) + -3 + 2
-3
What is -1 + -1 + (-36 - -37)?
-1
Evaluate -5 + (4 - 4) + 0 + 8.
3
-12 - (9 - 20) - (0 - -4)
-5
Calculate -12 - -13 - (1 - -1).
-1
What is the value of (-1 - -5) + 10 + -19 + 9?
4
What is the value of 4 - (2 - ((0 - -6) + -3))?
5
What is the value of 0 + (7 - 17 - -5) + 6?
1
33 + -40 + -1 + 0 - -5
-3
Evaluate -4 + -1 + (0 - 7 - -11).
-1
What is 0 + -11 + 1 + 1 - -4?
-5
What is the value of (-2 - 0) + -1 + 3 + -1?
-1
Calculate -2 + -2 + -3 + 6.
-1
Evaluate -1 + (-2 - 0 - -2) + -1.
-2
(9 - 4) + (-1 - -3)
7
Calculate -9 + 10 + (2 - 0).
3
What is the value of -1 + 0 + (4 - (-6 + 11))?
-2
What is -7 + 2 + 0 - (-8 + 11)?
-8
Calculate 6 - (4 + -1 + 1).
2
-2 - ((1 - -5) + (-1 - 5))
-2
What is -7 + -4 + 10 + (1 - -2)?
2
-2 + (1 - (-5 + 2))
2
What is 7 - (4 - (-6 + 5)) - -2?
4
What is the value of -4 + (1 - 5) + 6?
-2
Calculate 0 - 1 - (5 - (0 - -3)).
-3
Calculate -9 - -1 - (-1 + 1 + -6).
-2
Calculate (1 - (-3 - -5)) + -1.
-2
Evaluate -1 - (-5 + 3) - (18 + -16).
-1
Calculate 4 - (0 + 3) - -3.
4
Calculate -4 - (4 + 1 + -4).
-5
-1 + (5 - 11) + (2 - 1)
-6
Calculate (2 - 1 - (40 + -32)) + 9.
2
2 - (-1 + 4 - 1)
0
What is (3 + -8 - 0) + 2?
-3
Calculate (-56 - -52) + (1 - -6).
3
Evaluate (1 - -2) + 1 + -5 - -6.
5
What is the value of 3 + -8 + (4 - 4)?
-5
(-4 + -2 - (-26 + 1)) + -8
11
(-3 - -3) + 7 + (-4 - -2)
5
Calculate 0 + (-4 - (-4 - -5)).
-5
Evaluate 1 - (2 + (-1 - -3)).
-3
Evaluate 8 - ((-4 - 5) + 17).
0
Calculate -3 + -3 + 6 - (10 - 5).
-5
What is (0 - -2) + 1 - (16 - 13)?
0
What is 12 + (-2 - -5) + -6 + -1?
8
(0 - -5) + (-24 - -22) + 0
3
What is the value of (-2 - -3) + -8 + 9 + -6?
-4
What is 1 + (-4 - -7) + -5?
-1
Evaluate 19 + (-1 - 13) - -1.
6
What is 11 - 13 - ((2 - 0) + -6)?
2
What is 3 + 1 + -2 + -5?
-3
-2 + (23 + -18 - (2 - -1))
0
Evaluate 16 + -15 + (4 - 1) - -1.
5
Evaluate -6 - -10 - (-1 + (4 - 1)).
2
Calculate 5 + (4 - 1) + -10.
-2
What is the value of 29 - 33 - (-9 - -1)?
4
Calculate -192 + 191 + (-1 - (1 - 0)).
-3
What is 3 + -10 + 4 + (1 - -2)?
0
What is (-113 - -98) + 4 + 1?
-10
What is -11 + -1 + 13 + 4?
5
What is the value of (-4 - (-6 - 1)) + 0?
3
Evaluate 3 + -9 + (7 - (-2 + 8)).
-5
-1 + 0 - (-29 - -30)
-2
What is 4 - (2 + (0 - 0)) - 1?
1
Evaluate 3 + -3 + (-4 + 7 - 1).
2
What is (-3 - (-9 + -2 + 7)) + -1?
0
0 + 2 + (6 - -16) + -20
4
Evaluate (0 - 1) + 5 + (3 - 13).
-6
What is 23 + -25 + (-8 - -3) + 2?
-5
2 + 0 + 0 - 4 - -4
2
24 + -22 + 0 + 2
4
What is 4 - (-3 - -6) - 0?
1
What is (4 - (1 - -3)) + -1?
-1
What is the value of 5 + (6 - 7) - 0?
4
What is the value of 5 + 4 + (-8 - (-2 - 0))?
3
Calculate (10 - 10 - (-3 + 2)) + -11.
-10
What is 4 + 4 + 3 + -7?
4
Evaluate 11 - (51 - 45 - (5 - 1)).
9
Calculate 4 + -6 + (-3 - -1) - 2.
-6
What is (2 - 1 - 3) + 14 + -13?
-1
What is the value of (-2 - -2 - -3) + -2 + 0?
1
What is the value of 1 + 1 - ((5 - -7) + -16)?
6
Calculate (-2 - -1) + -2 + 3 + -3.
-3
What is the value of -3 + 9 - (6 - (8 + -2))?
6
What is the value of -3 + (-3 - 3) + (15 - 3)?
3
Evaluate -4 - -1 - (3 + -17 - -15).
-4
Evaluate -1 + 5 - (10 - 7).
1
Evaluate -5 + 13 + -6 - (3 - -7).
-8
0 + -1 + -4 + (-3 - -1)
-7
-1 + 9 + -1 + -2 + -4
1
What is -1 + 1 + 4 + -2?
2
What is (-5 - (-6 + 11)) + 6?
-4
Evaluate -4 + (7 - (10 - (5 + -1))).
-3
Calculate 3 + (0 - (1 - -3)).
-1
What is the value of 1 - (2 + 1 + -7)?
5
9 - ((0 - 0) + 7)
2
Evaluate (0 - (3 + -6)) + 0.
3
What is the value of -13 + -14 + 9 - -11?
-7
What is the value of 53 + -52 - (1 - -1)?
-1
What is the value of 1 - (-9 + -3 + 9) - 1?
3
What is (-2 - (1 - 2)) + 2 + 3?
4
What is the value of 7 + -7 + 3 + -1?
2
What is 1 + (-2 - (0 + 4))?
-5
What is the value of (1 + -6 - 0) + -1 - -3?
-3
Evaluate -9 + (6 - 5) + -2 + 6.
-4
What is -8 - 1 - -3 - (-4 + -2)?
0
Evaluate 3 + -1 + (2 - 3 - -4).
5
What is -7 - (1 + 2 + -1 + -5)?
-4
Calculate 2 + 3 - (4 + -2 + 1).
2
Calculate 5 + -5 + 2 + 4 + -7.
-1
What is 3 + (2 - 3) + -9 + 3?
-4
5 + (-8 - (5 + -12))
4
What is the value of 1 + (-3 - 0) + 2 - 2?
-2
What is (-8 - 3) + 13 - -3?
5
What is -6 + (-7 + 15 - (-3 - 3))?